f + 153 = 5*z. Calculate the greatest common divisor of 124 and z.
31
Let q be (-16)/(-104) - 126/(-26). Calculate the highest common divisor of 20 and q.
5
Let r = -16 + 17. Suppose 0*p + p = -h + 3, 0 = -3*h + 6. Let y be (-3)/(-6 - -3)*p. What is the greatest common factor of y and r?
1
Suppose 0*z + 5*w = -5*z + 250, 2*w - 154 = -3*z. What is the greatest common divisor of 198 and z?
18
Let t be -1 - (-6)/4 - 2480/(-32). What is the highest common factor of t and 429?
39
Suppose -80 = -5*c + 45. What is the highest common divisor of 125 and c?
25
Let k be 4/1 - (-12)/(-4). Let a be k/(40/13 + -3). What is the highest common factor of 78 and a?
13
Suppose -899 + 115 = -7*x. Suppose -4*a + 11*a = x. What is the highest common divisor of 16 and a?
16
Let i(s) be the third derivative of -19*s**4/6 - s**3/6 + s**2 - 9*s. Let k be (1/3)/((-1)/3). Let z be i(k). What is the highest common factor of 15 and z?
15
Let j be 2 + 318/18 + (-12)/18. What is the greatest common factor of 133 and j?
19
Suppose 0 = -15*o + 17*o + 4*t + 4, 5*o - t = 12. What is the greatest common divisor of o and 19?
1
Suppose -3*r = -562 + 202. Let w be (11 - -21)*10/4. What is the greatest common factor of r and w?
40
Let z = -10 - -20. Suppose z = 2*m - 4*q, 0*m - 5*m + 39 = 4*q. Let u be (-1)/(-3) - (-4)/6. What is the highest common factor of m and u?
1
Suppose 0*g = 4*g - 44. What is the highest common factor of g and 352?
11
Let z = 155 + 10. Calculate the highest common factor of 33 and z.
33
Let s be 13 - (10/4 + (-45)/(-30)). Let v = s - -112. What is the highest common divisor of 11 and v?
11
Suppose -2*q = -5*g - 194, 0 = -q - 0*q - 4*g + 97. Let w = -33 + q. What is the greatest common divisor of w and 16?
16
Let d(y) = -6*y**3 - 2*y**2 - 5*y - 11. Let w be d(-2). Calculate the highest common divisor of w and 13.
13
Let g be 3 - 0/(-4 + 2). Calculate the greatest common factor of 7 and g.
1
Let w = -7 + 11. Let p be (-2)/(-32)*w*4. Let i be (-4 + 4 - p)/(-1). Calculate the greatest common factor of 5 and i.
1
Let w(c) = 17*c**2 + 0 + 1 + 0*c - c + 5*c**2. Let h be w(-1). Let o = -222 - -486. Calculate the highest common factor of o and h.
24
Let k(f) = 3*f - 1. Let o be k(1). Let l be (-4)/(16/12) - -1 - -4. What is the greatest common factor of l and o?
2
Let h(o) = 4*o**2 - 2*o + 2. Let a be h(-5). Let z(i) = 48*i - 176. Let g be z(4). What is the greatest common divisor of g and a?
16
Let r = -755 - -939. Calculate the greatest common factor of r and 138.
46
Let p be (1 - 15/13) + 15045/195. Suppose -i = -0*i - 4. Suppose -9*f + i*f = -35. Calculate the greatest common divisor of p and f.
7
Suppose 3*g + 2*d = 191, 0 = -4*g + d + 3*d + 268. What is the greatest common divisor of g and 1001?
13
Let p be 1/(1544/256 - 6). What is the greatest common factor of p and 32?
32
Let y = -527 + 274. Let j = y - -428. What is the greatest common divisor of j and 70?
35
Let s(t) = 2*t**3 - 14*t**2 + 14*t - 17. Let m be s(7). What is the greatest common factor of 6 and m?
3
Let f(z) = 13*z**2 + 5*z. Let p be f(-9). What is the greatest common divisor of p and 24?
24
Let a = -5 + 5. Suppose a = -4*u + 2*u + 250. Calculate the greatest common divisor of 25 and u.
25
Suppose -11052 = -34*t + 270. Calculate the greatest common factor of 37 and t.
37
Let s(u) = u**2 + u - 2. Let r be s(2). Suppose 2*g = 4*b + 36, 0*b - 63 = -5*g + b. Calculate the greatest common divisor of r and g.
4
Let l(p) = p**2 - p + 15. Suppose 0*n + 2*n = 0. Let x be (n/(-4))/((-2)/2). Let o be l(x). What is the greatest common divisor of 120 and o?
15
Let l = -497 - -520. Calculate the highest common divisor of l and 437.
23
Let t be (-3)/(117/40 - (53 + -50)). Calculate the greatest common factor of 460 and t.
20
Let l = 62 + -58. Suppose 3*n - 86 = -5*z, 2*z = -z + l*n + 40. What is the greatest common factor of z and 24?
8
Let u = 338 + -318. What is the highest common factor of 80 and u?
20
Let j be (-864)/63 - 2/7. Let y = j - -46. Calculate the greatest common divisor of 96 and y.
32
Suppose 347 = -3*x - 58. Let m be 30/x - 407/(-9). Suppose -5*u = -l + m - 5, -135 = -2*l - u. What is the highest common divisor of 13 and l?
13
Suppose -3*i + 10*i = 21. Suppose 2*s - 51 = -5*l + i*s, 2*l = 5*s + 25. What is the highest common factor of 4 and l?
2
Let f be ((-288)/30)/(28/40 + -1). What is the greatest common factor of f and 352?
32
Suppose -8*l + 78 = -138. Suppose -l = -5*p + 423. Suppose 0 = -5*s + 108 + 72. What is the greatest common factor of s and p?
18
Let y = -117 + 137. Suppose 80 = y*s - 18*s. Calculate the highest common divisor of s and 10.
10
Suppose -3*v + 79 - 25 = 0. Suppose 2*p - 2*m - 58 = 0, -3*p = 2*p + 3*m - 153. What is the highest common divisor of p and v?
6
Let i = 190 - 172. Calculate the highest common factor of i and 279.
9
Suppose 0 = -d - 2*u + 140, 4*d + 171 = -2*u + 743. What is the greatest common factor of 108 and d?
36
Suppose 2*u + u - 29 = 4*v, 3*u - 11 = -5*v. Calculate the highest common factor of 8 and u.
1
Suppose -79 = -30*g + 881. What is the greatest common factor of 8 and g?
8
Let b be 5*(106/10 + -1). Let n = 7 - -6. Let s be n + (4/(-1) - -3). Calculate the highest common factor of s and b.
12
Let p(l) = -l**2 + 10*l + 79. Let r be p(12). Suppose 0 = -k + 3*z - 29, -6*k = -2*k - z + 94. Let m = k + r. Calculate the highest common factor of 8 and m.
8
Let d be ((-2)/(-7))/(10/70)*49. What is the greatest common divisor of d and 14?
14
Let u(o) = 9*o - 2. Let a be u(4). Suppose 4*m - b - 568 = 0, -b - 900 = -5*m - 190. Let i = -57 + m. Calculate the highest common factor of i and a.
17
Let z be 286 + 2/1 - (33 + -34). Calculate the greatest common divisor of 119 and z.
17
Let z(g) = g**2 - g + 6. Let c be z(0). What is the greatest common divisor of 42 and c?
6
Let b(y) = 3*y - 18. Let k(o) = 1. Let w(u) = -b(u) - 18*k(u). Let r be w(-4). Calculate the highest common divisor of 36 and r.
12
Suppose -9*w = 4*t - 10*w - 815, -4*w = -2*t + 418. Calculate the greatest common divisor of t and 145.
29
Let c(l) = -2*l - 28. Let b be c(-15). What is the greatest common divisor of 14 and b?
2
Let b be 2912/160 - 2/(12 - 2). Calculate the highest common factor of b and 54.
18
Let o(a) = -a**3 - a + 20. Let c be o(0). Let g be (2/2)/(4/16). Calculate the greatest common factor of c and g.
4
Suppose -5718 + 15746 = 3*r + 4*m, 5*r - 16698 = m. What is the greatest common factor of r and 20?
20
Let q = 217 - 209. What is the highest common divisor of 52 and q?
4
Let l = -30 + -157. Let q = l - -436. Suppose 3*v - q = -24. Calculate the greatest common divisor of v and 50.
25
Let u = -11 - 3. Let c be (1 + 2 + u)*-12. What is the greatest common factor of 12 and c?
12
Suppose 8 = -2*a, -12*a - 196 = -4*d - 17*a. What is the highest common factor of d and 90?
18
Let k = -125 - -307. Let p = k + -105. Calculate the highest common divisor of 11 and p.
11
Let c(z) = -5*z + 53. Let i be c(8). Calculate the greatest common divisor of 468 and i.
13
Suppose -572 = -4*c - 5*v, 2*v - 238 = -5*c + 460. Let q be c/10 + 5/25. Let g be 1 + q*(8 - 4). Calculate the greatest common divisor of g and 38.
19
Let z be (-2)/(-6)*(2 + 10). Let w be 30*-8*(-7)/140. What is the highest common factor of z and w?
4
Let m = -257 + 512. Let z = -147 + m. Suppose -5 + 140 = 5*w. Calculate the greatest common factor of z and w.
27
Let n(s) = s - 16. Let c be n(7). Let m be 6/(-4)*12/c. Suppose 0 = -m*r - 2*r + 200. Calculate the highest common divisor of r and 10.
10
Let t(a) = 2015*a**2 - 3*a + 1. Let j be t(1). Calculate the highest common factor of 11 and j.
11
Let y be (-54)/10 - (-9)/(-15). Let f be y*(-3)/(27/12). Let w be 0 - (-2 + (-6)/1). Calculate the greatest common factor of w and f.
8
Let h = 191 - 158. What is the highest common divisor of h and 3?
3
Suppose -3*c = 104 - 116. Calculate the highest common divisor of 52 and c.
4
Let t be (-1710)/380*-2*(0 + 89). Calculate the greatest common factor of t and 27.
9
Suppose 23*q - 1750 = 9*q. What is the greatest common divisor of q and 75?
25
Let z(j) = -51*j - 1. Let i be z(-1). Let h = -297 - -522. Let f be (h/(-6))/(1/(-2)). Calculate the greatest common divisor of f and i.
25
Let u(d) = -9 + 2*d + 7*d - 6*d. Let v be u(6). Wh